0 - -2)/((-2)/(-6)) - n. Let m(i) = i**3 - 6*i**2 - 3*i. Give m(w).
-18
Let k(t) = -t**3 - 12*t**2 - t - 14. Suppose 4*j + 50 = 2*w, 0 = j - 4*w - w + 17. What is k(j)?
-2
Let g(a) = 0*a**2 - 107 - 3*a**2 + 106. Let z be g(-1). Let w(r) = 2*r**2 + 5*r + 1. What is w(z)?
13
Let d(j) = j**2 + 10*j + 11. Suppose -3*t + 130 - 154 = 0. What is d(t)?
-5
Suppose 20*y = 12*y + 32. Let d(w) = -w**3 + 5*w**2 - 2*w + 4. Determine d(y).
12
Let k be (2*1/2)/1. Let i(l) = 3 - k - 7 - 6 + l. Give i(0).
-11
Suppose -29*p + 192 = -156. Let h(x) = -x**2 + 14*x - 8. Give h(p).
16
Let a be (3/(-9))/(6/(-306)). Let z(j) = 1 + 44*j - a*j + 5*j**2 - 26*j. Let v be (1/(-3))/((-2)/(-6)). What is z(v)?
5
Let k(h) = 17*h**2 - 2*h - 1. Let i(s) = -7*s + 205. Let c be i(29). What is k(c)?
63
Let n(i) be the second derivative of -i**3/6 - 3*i**2/2 + i - 43. What is n(-1)?
-2
Let d = -633 - -637. Let n(o) = -o**2 + 3*o - 2. Give n(d).
-6
Let q(h) = 4*h**2 + 7*h. Let p(u) = -5*u**2 - 8*u + 1. Let y(v) = 3*p(v) + 4*q(v). Suppose -8*r + 15 - 55 = 0. What is y(r)?
8
Let w(m) = -m**3 + 3*m**2 - 3. Let p be w(2). Let l be p*-3*3/(-9). Let j(t) = -3 + 4 - 2*t**2 + 0. Calculate j(l).
-1
Let o(w) = 7*w - 4. Suppose -50 = -8*p - c, -2*p - 5*c - 8 = -5*p. Give o(p).
38
Let g(f) = -f**3 - 8*f**2 - 11*f - 9. Let q(a) = -3*a**3 - 24*a**2 - 34*a - 28. Let u(d) = -7*g(d) + 2*q(d). Let n = 86 - 38. Let l = 41 - n. Calculate u(l).
-7
Let r(o) = o**3 + o**2 - 4*o - 4. Suppose 4*f - 4 = -0*f. Let w(q) = 8 + 2*q - 2 - f - 4. Let z be w(-2). Give r(z).
-10
Let b(x) = -3 - 28*x**2 + 14*x**2 - 3*x + 9*x**2 + 14*x**2. What is b(-1)?
9
Let b = 446 + -452. Let w(x) = -x**3 - 7*x**2 - 2*x + 3. Calculate w(b).
-21
Let v(y) be the third derivative of -y**5/30 - y**3/6 + 22*y**2. Let n be (6/(-18))/(2/6). Give v(n).
-3
Suppose 4*h + 27 + 1 = 2*a, -4*h = -a + 26. Let l(j) = -j**3 - 6*j**2 - 2*j - 9. Let u be l(h). Let c(k) = -u - 4 + 6 - k + 5. Calculate c(-5).
9
Let q(y) = 2*y**3 - y + 1. Let x be q(1). Let i = x + 1. Suppose i*b + 2 + 1 = 0. Let w(r) = -r + 1. What is w(b)?
2
Let p(d) = -d**2 - 4*d + 9. Let n be 7*((-1)/2)/((-1)/(-2)). Determine p(n).
-12
Let q(n) be the first derivative of -10*n**2 + n - 27. Calculate q(-2).
41
Let h = -8 - -10. Let u(y) be the second derivative of 2*y**3/3 + y**2/2 + 6*y. Determine u(h).
9
Let s(d) = -2*d**2 - 18*d + 47 + 25*d - 58. Calculate s(2).
-5
Let t(s) = s**2 + 4*s - 2. Let j be -2*2/(-24)*3*84. Let r = -47 + j. Give t(r).
3
Let h(z) = z**2 + 2. Let t(g) = -4*g**2 + 7*g + 6. Let p(q) = 5*h(q) + t(q). Give p(-3).
4
Let o(m) = -m**3 - m. Let f(a) = -7*a**3 - a**2 - 5*a + 2. Let g(c) = f(c) - 6*o(c). Give g(0).
2
Let l(t) = t**3 + 12*t**2 + 22*t + 22. Let o be l(-10). Let z(y) be the first derivative of 9*y - 1/2*y**o - 1. Calculate z(0).
9
Suppose -g + 5*g = 0. Let w(z) = 2*z + 6 + 0*z - z. Give w(g).
6
Let l be (-220)/24 - (-6)/(37 - 1). Suppose 3*d - 6 = 4*q, -4*d - 4*q + 21 = -5*q. Let h = l + d. Let m(j) = -j - 7. Give m(h).
-4
Let f(v) be the third derivative of 1/30*v**5 - 5*v**2 + 1/120*v**6 + 0 - 1/3*v**3 - 1/24*v**4 + 0*v. Let d(m) = m - 3. Let r be d(0). Determine f(r).
-8
Let v(j) = j**2 + 8*j - 8. Let a(w) = -w**2 - 4*w + 25. Let c be a(-8). Calculate v(c).
-15
Let t(p) = -p**2 - 10*p + 1. Suppose -5*w + 5*y - 35 = 0, -45*y + 50*y + 35 = -2*w. What is t(w)?
1
Suppose -3*a + 12 = 30. Let b(y) = 5*y**2 - 12*y + 2. Let z(g) = 4*g**2 - 11*g + 2. Let m(f) = a*z(f) + 5*b(f). What is m(-5)?
-7
Let v(w) = -w - 1. Let k(r) = 3*r + 4. Let u be (-1)/2 + 26/4. Let l(j) = u*k(j) + 17*v(j). Suppose 6*z - 5*s = z - 15, -s = 2. Determine l(z).
2
Let d be 8/3 - 4/(-12). Suppose d*n - 4*n + 3 = 0. Let k(s) = -7 + 2*s - 3*s + n + 5. What is k(1)?
0
Let n(z) = z**2 + 2*z. Let a(v) = 0*v - 41*v**2 + 42*v**2 + 3*v. Let m(g) = 5*a(g) - 4*n(g). Determine m(-6).
-6
Let y(t) = -7*t**3 - 18*t**2 + 6*t + 9. Let v = -1 - -7. Let r(g) = 13*g**3 + 35*g**2 - 11*g - 17. Let o(p) = v*r(p) + 11*y(p). Determine o(-12).
-3
Let p(u) = u + 8. Let r(x) = 8*x - 89. Let q be r(10). What is p(q)?
-1
Let q(f) = -f**3 + 7*f**2 - 8*f + 4. Let w(s) = 0*s - 6 - 5*s + 4*s - 43*s**3 + 4. Let c be w(2). Let v be (-1)/(-5) + c/(-60). Calculate q(v).
-8
Let t(w) = -4*w**2 + w. Suppose -5*r + 29 = 4*b, 3*r - r + 6 = 0. Suppose 4*h + h + 2*d - b = 0, h - d = -2. Determine t(h).
-3
Suppose -9 = c - 4*c. Let x be ((-350)/(-8))/5 - 3/(-12). Let k(p) = -9*p + x*p + 3 - 7 + p. Determine k(c).
-1
Let l be (-5 + 5)/((-2)/1). Let y(h) be the third derivative of 0 + 0*h + 4*h**2 + 0*h**5 - h**3 + 1/120*h**6 + 0*h**4. Determine y(l).
-6
Let x(z) = z**2 - 5*z + 2. Suppose 0 = 2*c - c + 2. Let o be (-10)/15 + c/(-3). Suppose v - 2*y = -0*y + 4, o = -4*v - 4*y + 16. What is x(v)?
-2
Let a be (-348)/(-72) - (13/(-6) + 2). Suppose 3*j = 3*p - 33, 2*j - a*p + 20 = 1. Let x(n) = n**3 + 12*n**2 - n - 17. Give x(j).
-5
Let k(f) = 4*f**2 + 9. Let v(z) = 2*z**2 + 4. Let l(y) = 3*k(y) - 7*v(y). Let t be (-8)/(-3) + 6/(-9). Determine l(t).
-9
Let s(j) be the second derivative of -j**5/20 - 3*j**4/4 + 11*j**3/6 + 9*j**2/2 + 53*j. What is s(-10)?
-1
Suppose a + 5*j - 8 = -10*a, 0 = -2*a - j + 1. Let d(r) = -1 + 1 + r**2 + r. Give d(a).
12
Let r(j) = 4*j - 1. Let a(l) = 2*l + 11. Let m be a(-5). Suppose 5*h = 11 - m. Give r(h).
7
Let p(d) = -2*d**2 - 18*d - 7. Let n(s) = -s**3 + 13*s**2 + 16*s - 36. Let l be n(14). What is p(l)?
9
Let w(k) = -5*k**3 + 4*k - 17. Let h(x) = 4*x**3 - 3*x + 16. Let p(m) = -3*h(m) - 2*w(m). Let s(t) be the first derivative of p(t). What is s(-1)?
-5
Let q = -1 - 1. Let y(p) be the second derivative of p**4/12 - p**3/6 + p**2/2 + 2*p - 309. What is y(q)?
7
Suppose f - 6 + 0 = 0. Let j(g) be the second derivative of g**5/60 - g**4/6 - g**3 + 5*g**2/2 + 3*g. Let x(o) be the first derivative of j(o). Calculate x(f).
6
Suppose 2*x = 3*p + 243, 4*p + 635 = 5*x + 45. Let d = x - 108. Let l(s) be the third derivative of s**4/24 - s**3/6 + s**2. Determine l(d).
5
Let y = 322 - 325. Let x(b) = b**3 + b**2 - 2*b + 1. Calculate x(y).
-11
Let z(n) = -3*n + 11. Let g be z(2). Suppose 26 + 9 = g*j. Let q(l) = -l**2 + 8*l - 7. Calculate q(j).
0
Let j(n) = -9*n**3 - n**2 + 10*n - 5*n - 5*n. Determine j(-1).
8
Let v = 386 - 380. Let p(y) = -y + 8. What is p(v)?
2
Let o(m) = 2*m**2 + 5*m - 4. Let g(h) = -h**3 + 4*h**2 + h. Let r be g(4). Suppose 5*j - r = 6*j. What is o(j)?
8
Let t be (-169)/26 - -3*3/6. Let d(w) = w + 1. Give d(t).
-4
Suppose -1 = -0*o + o, 0 = g - 3*o - 7. Suppose 2*l - 4*n + 3 = -3*n, 4 = g*l - 4*n. Let b(x) = x**3 + 4*x**2 - x + 1. What is b(l)?
5
Let j(x) be the second derivative of x**3 + x**2/2 + 17*x - 3. Let i(b) = -b**2 - b - 1. Let h be i(0). Determine j(h).
-5
Let z(a) = -a**2 - 5*a - 5. Suppose 5*b - 4*x = 112, -3*x - 26 = -b - 4*x. Suppose 7*v - v + b = 0. Determine z(v).
-1
Suppose 2*t + 6 = 10. Suppose a = -4*q, 3*a - 2*a - t*q = 0. Let l(u) = 5*u**3 - 7 + u**3 - 5*u**3. Determine l(a).
-7
Suppose 0 = d + 4*r - 9, -r + 10 = -3*d - 2. Let z(c) = c**2 - c - 2. Give z(d).
10
Let t(a) = 11*a + 13*a - 11 - 20*a. Let v be t(7). Let o(c) = v - c - 17. Give o(5).
-5
Let t be ((-2)/8)/(2/(-16)). Suppose -t*y = 3*l + 3*y + 18, 0 = 5*l + 2*y + 30. Let j(f) = -f + 4. Calculate j(l).
10
Suppose 2*k - 4 = -2*i, -12 = -2*i - 5*k - 5. Let v be (i/2)/((-1)/2). Let p(q) = -11*q - 1. Give p(v).
10
Let v be 0 + (-7 - -2) - -1. Let a(y) = -y**2 - 6*y - 1. Give a(v).
7
Let i(g) = -7*g**2 + 2 + 3 + 2*g - 6. Let f(q) = q**2. Let c(d) = 7*d - 48. Let r be c(7). Let l(j) = r*i(j) + 6*f(j). What is l(1)?
0
Let k(f) = 5*f**3 + 10*f**2 - 4*f - 4. Let a(h) = -9*h**3 - 19*h**2 + 8*h + 7. Let q = -14 - -18. Let r = 7 + q. Let n(o) = r*k(o) + 6*a(o). Determine n(2).
-2
Let o(q) be the first derivative of -6 + 5*q + 1/3*q**3 - 3*q**2. What is o(4)?
-3
Let h(d) = d + 7. Let c be (-14)/10 - (-8)/20. Suppose -a + 5*n = n + 10, -2*a - 2*n + 20 = 0. Let g(b) = 1. Let r(z) = a*g(z) + c*h(z). Determine r(3).
-4
Let x(i) = i**2 + 12*i - 5. Let o(q) = -q**2 - 11*q + 5. Let v(h) = -6*o(h) - 5*x(h). Let p be 19/(-2) + 2 - 45/(-30). What is v(p)?
-5
Let j(l) = -10*l - 6. Let x(k) = -5*k - 3. Let c(p) = -2*j(p) + 5*x(p). Suppose -4*i - f - 21 = 0, -i - 3 = 2*f + 11. What is c(i)?
17
Let q(p) be the first derivative of p**4/4 - 4